Let h be y + 24 + -1*74/(-1). Let r = 48 - 10. Calculate the highest common divisor of h and r.
38
Let t(y) = 3942*y**2 + 144*y + 309. Let v be t(-2). What is the highest common divisor of 228 and v?
57
Suppose 1914 = -135*a + 9752 + 7687. Calculate the highest common factor of a and 13.
1
Let b(p) = -p**2 + 7*p + 13. Let d be b(7). Let o be (2 - 1672/(-10)) + (-20)/100. Calculate the greatest common divisor of d and o.
13
Suppose -5*z = -5*t, -5*t + z + 6 = -6. Suppose -6*q + 45 = -t*q. Let p(v) = -v**2 + 18*v - 19. Let l be p(q). What is the greatest common factor of l and 39?
13
Suppose 9*v + 3 = 12*v. Let l be ((-92)/12 - v)*-3. Suppose -4*p = p - 10. Calculate the greatest common divisor of p and l.
2
Let o be 9/2 + 32/(-64). Let z(u) = 11*u + 9. Let a be z(o). What is the highest common factor of a and 53?
53
Let d(u) = -220*u - 614. Let x be d(-4). Calculate the highest common factor of 294 and x.
14
Let f(w) = 150 - 3*w - 3*w - 7*w - 14*w. Let t(l) = -7*l + 37. Let y(m) = 5*f(m) - 21*t(m). Let b be y(4). Calculate the greatest common factor of 3 and b.
3
Suppose 5*n + 632 - 1288 + 561 = 0. What is the greatest common factor of 779 and n?
19
Suppose -16 + 0 = -16*g. Suppose 117 + 27 = 2*d. Let r be (d/10)/(g/25*5). What is the highest common divisor of 9 and r?
9
Let v = 3771 + -3628. Calculate the greatest common factor of v and 3.
1
Suppose 20 = 3*o + o. Suppose h + 205 = -o*p + 9*p, 2*p + h = 107. What is the greatest common factor of p and 104?
52
Let b be 9/12*(400/15)/10. Let p be (b - 3)*1*(-4 + -4). What is the highest common divisor of p and 52?
4
Suppose 6 = 105*u - 102*u. Suppose -8*c + 11*c - 132 = 2*t, 2*c + u*t - 88 = 0. What is the highest common divisor of 77 and c?
11
Let z = 900 - 616. Let h = z + -219. What is the greatest common divisor of 5 and h?
5
Let s be (-12)/(-8)*12/9. Let b(q) be the third derivative of q**4/6 - q**3/6 - 11*q**2. Let c be b(s). Calculate the highest common divisor of c and 63.
7
Suppose -90 = -n + 6*n. Let h be n/6*(-26)/3. Let c be 10 - 1/((-2)/110). Calculate the highest common divisor of c and h.
13
Let q(j) = 7*j**2 - 37*j - 9. Let w(c) = 6*c**2 - 37*c - 8. Let x(h) = -2*q(h) + 3*w(h). Let m be x(11). What is the greatest common factor of m and 71?
71
Let r be ((-425)/10 - -6)*(4*-2)/4. What is the greatest common factor of r and 10147?
73
Let p(b) = b**3 + b**2 - 7*b. Let u be p(-3). Suppose -4*g - 84 = -3*o, -u*o + g = o - 125. What is the highest common divisor of o and 2?
2
Let p(y) = 920*y - 48. Let s be p(6). Calculate the greatest common divisor of 72 and s.
72
Suppose -309 = -2*t - 1226*m + 1229*m, -4*t = -3*m - 597. Let d = 31 + 95. What is the highest common divisor of d and t?
18
Suppose 2*l - 12*a - 1764 = -21*a, -5*l = 5*a - 4550. Calculate the greatest common factor of 493 and l.
17
Suppose 0 = 4*t + 220 + 1724. Let d = 1043 + t. Let o = -304 + d. Calculate the greatest common divisor of o and 23.
23
Let j be 9/(-12)*(-64)/24. Suppose j*b = 3*s - 1, -b = 4*s - 2*b - 3. What is the greatest common factor of s and 7?
1
Let s = -118 - -195. Suppose 11*x - 4*x = s. Calculate the greatest common factor of x and 176.
11
Suppose -46 = -w + 38. Let h(m) = -35 + 1338*m - 671*m + m**2 - 671*m. Let k be h(-7). What is the highest common divisor of w and k?
42
Suppose -4*o + 101 = p - 306, -3*o + 814 = 2*p. Let j = p - 299. What is the greatest common factor of j and 180?
36
Let l be (0 - -1)/1*20. Let u be 3/(3/5*(-175)/490). Let x = l + u. What is the highest common divisor of 24 and x?
6
Suppose 1010850 = -7*g + 24*g + 6*g. What is the greatest common factor of 150 and g?
150
Suppose -3857 - 1058 = -28*u + 35573. What is the highest common divisor of u and 24?
6
Let w = 5019 - 4969. What is the greatest common divisor of 4775 and w?
25
Let t be 56414/10 - (-336)/210. What is the greatest common divisor of 198 and t?
99
Let y be (-1)/7 - (-4 - (-1992)/(-28)). Let b(x) = 15*x**2 + x + 1. Let a be b(-1). What is the highest common divisor of y and a?
15
Suppose 157 = -2*p + 1033. Let f = -53013 - -53019. What is the highest common factor of p and f?
6
Let j be ((-2)/3 - 24332/(-84))/1. Calculate the greatest common divisor of j and 170.
17
Let i be (2/(-9) - (-513)/1215)*(2 - -3). Let f = 4 - -21. Calculate the highest common divisor of f and i.
1
Suppose x - 2*i = -2 + 22, 4*x = -3*i + 80. Let g = -69 + 237. Let j = g - 88. Calculate the greatest common factor of x and j.
20
Let i(y) = -2*y**3 + 3*y**2 + 2*y - 1. Let o be i(-2). Suppose 0 = -2*b + 10*j - 5*j + 1707, -5*j + 7654 = 9*b. What is the highest common divisor of b and o?
23
Suppose 5*x = -2*t + 915 + 5183, 0 = -2*x + 2*t + 2442. Calculate the highest common divisor of x and 40.
20
Let p(y) = 30*y**2 - 195*y - 16. Let a be p(8). What is the highest common divisor of a and 817?
43
Let j = 3821 + -3282. What is the greatest common factor of 231 and j?
77
Let n(i) = -i**3 + 72*i**2 + 7*i - 384. Let w be n(72). What is the greatest common divisor of 15 and w?
15
Let g(d) = 454*d - 445. Let j be g(1). What is the highest common factor of 12879 and j?
9
Let o be (-112)/(-6)*180/35. Let y = o - -260. Calculate the highest common factor of y and 267.
89
Let v(x) = 2069*x**3 - 5*x**2 - 66*x + 70. Let n be v(1). What is the highest common factor of n and 264?
44
Let v(w) = -w**3 + 17*w**2 - 11*w + 40. Let z be v(16). Let s(h) = h**2 - 11*h - 36. Let q be s(15). Calculate the greatest common factor of q and z.
24
Suppose -260 = -2*c - 4*c - 4*c. Let n = -587 - -1055. Calculate the highest common factor of n and c.
26
Let i(t) = 7 - t**3 - 2*t**2 - 9 - 5 - 6*t. Let r be i(-2). Suppose 7*b - 6*b - r = 0. What is the greatest common divisor of 65 and b?
5
Suppose 4*q + 4*h - 160 = 0, -2*q = -q + 4*h - 31. Suppose 52*p = -16*p - 55*p + 74046. Calculate the greatest common divisor of p and q.
43
Let n be 1*(2 - 6) + 8 - (-527 + 29). Calculate the greatest common divisor of 753 and n.
251
Suppose 31*q = 2*y + 34*q - 231, -3*q - 9 = 0. Suppose 0 = y*m - 114*m - 354. What is the highest common factor of m and 1?
1
Suppose 10*y - 3188 = -438. Suppose -3*r = 2*r + y. Let s = -19 - r. Calculate the greatest common factor of 24 and s.
12
Let n(o) = 18*o + 2139. Let y be n(-109). Calculate the greatest common factor of y and 11859.
177
Let q(k) = -k**2 + 7*k - 2. Let m be q(6). Let r(c) = 251*c**2 - c - 2. Let i be r(-1). Suppose -n + i = m*n. Calculate the greatest common factor of n and 75.
25
Suppose 0 = 4*h - h - 1314. Suppose 0 = 135*v - 128*v + 1526. Let d = v + h. Calculate the highest common factor of 20 and d.
20
Suppose d + 1006 = 1012. Suppose -3*w = -3*f - 139 + 49, 0 = -4*f + 5*w - 125. Let n be 2*(1 + f/(-2)). Calculate the greatest common divisor of d and n.
3
Suppose -48*z - 312 = -52*z. Let k be 9/6*104/z. What is the highest common factor of 5 and k?
1
Let z = -20 + 22. Suppose z*q - c + 6 - 15 = 0, 5*q - 5*c - 25 = 0. Suppose -3*f - 68 = -q*r, 3*f = -f. What is the highest common factor of r and 119?
17
Let c(w) = 3*w**2 - 6*w - 6. Let u be c(5). Suppose p + 60 + 28 = 0. Let g = p - -205. Calculate the highest common divisor of g and u.
39
Suppose -181*p + 20657 = 46*p. What is the greatest common divisor of p and 18564?
91
Suppose 163*y = 721 + 777 - 194. What is the highest common divisor of y and 1832?
8
Suppose 4*y - u - 424 = 4373, 5991 = 5*y - 3*u. What is the highest common divisor of 336 and y?
48
Suppose -315 - 1549 = -171*a + 359. Calculate the greatest common factor of a and 10933.
13
Suppose 20*z - 21*z = -2*c + 57, c = 5*z + 42. Suppose -31*i + c*i = -688. What is the highest common factor of i and 4?
4
Suppose -328 = 2*v - 332. Suppose -30 = -v*j - 4*m, 3*j + m - 78 = -8. Calculate the highest common factor of 575 and j.
25
Suppose 6*w - 5*l = -591, w + 389 = -3*w + 5*l. Let r = 152 + -33. Let a = r + w. What is the greatest common factor of 27 and a?
9
Let x be 4/(-2) - (0 + 1 + -3). Suppose x = -7*z + 68 + 30. Let o be (z/(-6) - -3)*27. What is the greatest common divisor of 9 and o?
9
Let d be (-20)/18 - 681875/(-1125). Calculate the greatest common factor of 45 and d.
5
Suppose -7*v - 16 = 68. Let p be 791/5 - v/15. Suppose 5*u + 3*n = -0*n + p, -3*n + 60 = 2*u. Calculate the highest common factor of u and 22